te the remainder when i is divided by ((-10)/(40/(-6)) - 6)/((-5)/10).
8
Suppose -k = -4*u - 49, -4*k - 3*u + 268 = 53. Let h = -1 - 2. Calculate the remainder when k is divided by 16 - (4 + 2 + 12/h).
11
Let v(a) = -30*a - 176. Let g(o) = -29*o - 175. Let z(h) = -5*g(h) + 4*v(h). Let m = 29 + -21. What is the remainder when z(-6) is divided by m?
5
Let w(v) = -v**2 + 14*v + 16. Let x(t) = t**3 + 8*t**2 + 5*t + 1. Let s be x(-7). Let z be w(s). What is the remainder when 77 is divided by 20*(0 - (-8)/20*z)?
5
Let a = 31 + -18. Suppose 0*l - 4*q = 5*l - 38, 0 = 4*l - 4*q - 52. Calculate the remainder when a is divided by l/12*24/40*14.
6
Suppose -3*w - 5 - 6 = 2*h, -3*h - 5*w = 18. Calculate the remainder when 34*(-6)/12*(-8 - h) is divided by 22.
9
Let v = -21558 + 21582. Suppose -4*t + 113 = -3*t. Calculate the remainder when t is divided by v.
17
Suppose -3*f - 233 = -4*s, -f - 58 = 13*s - 14*s. Let k(n) = -5*n - 4. Calculate the remainder when s is divided by k(-2).
5
Suppose 46*y = 42*y, 5*n + 4*y = 290. What is the remainder when 147 is divided by n?
31
Let j = -6327 + 6555. Calculate the remainder when 291 is divided by j.
63
Let l be 1 + (-3 - -5) + 1. Suppose -15*u = -l*u - 825. What is the remainder when u is divided by 43?
32
Calculate the remainder when 103 is divided by (-7 + ((-1736)/(-272) - 12/(-102)))*-198.
4
What is the remainder when ((-5781)/164)/(3 + -37*(-2)/(-24)) is divided by 134?
21
Let t(h) = h**3 + 5*h**2 - 9*h - 4. Suppose 256*b = 150*b + 954. Calculate the remainder when t(-6) is divided by b.
5
Suppose -4*d - 60 = -5*s - 0*s, d = 5*s. What is the remainder when ((-232)/d)/((-3)/(-90)) is divided by 32?
28
Suppose -351 = -3*q + 2*q. Suppose q = 8*l - 169. Calculate the remainder when 16 is divided by 4/8 + l/10.
2
Suppose 0 = -t + 2*y + 1, 5*t - y - 10 = 22. Suppose -t*x + 272 = x. Suppose -2*a + 68 + x = 0. What is the remainder when 252 is divided by a?
48
Suppose -3*g - 8 = -2*l - 2*g, -4 = -4*l - g. Let s(j) = 9*j**2 - 11*j - 1. Calculate the remainder when 1246 is divided by s(l).
11
Let c = -8 + 19. Let a = -88 + 152. Suppose -2*s + 5*x = -15, 2*s - a = -3*x - 9. Calculate the remainder when s is divided by c.
9
Let v = -23306 + 23326. Calculate the remainder when 2475 is divided by v.
15
Let s be 5/((-10)/2)*7. Let d(y) = -2*y**2 + 2*y - 20. Let n be d(s). Let k = 13 - n. Calculate the remainder when k is divided by 37.
34
Let m be 8/36 + ((-73866)/27)/(-1). Suppose -17*d + m = -5*d. What is the remainder when d is divided by 46?
44
Let p(m) = 6*m + 196. Suppose -33 = -2*c + 27. What is the remainder when p(-8) is divided by c?
28
Suppose -2*f - 6*p + 11*p = -849, 0 = 5*f + 4*p - 2073. Suppose 28*n + 4*y = 27*n + 87, 5*n + 2*y - f = 0. What is the remainder when n is divided by 47?
36
Suppose 0 = 2*b + d - 509, 6 - 3 = -3*d. Calculate the remainder when b is divided by (-4122)/229 - (2 + (-84)/1).
63
Suppose -1 + 609 = 4*p. Let w = -47104 + 47126. What is the remainder when p is divided by w?
20
Let x(p) be the third derivative of p**5/60 + 11*p**4/8 + 37*p**3/3 - p**2 - 99*p. What is the remainder when x(-32) is divided by 20?
2
What is the remainder when 1306 is divided by (-1 - 1)*((-30935)/3766 + (-18)/14)?
14
Let p be 21/(-35) + 28/(-20). Let m be 0/(-2) + p*(-5 + 3). Suppose 0 = 2*y + 3*g - 41, 5*y - m = -5*g + 101. What is the remainder when y is divided by 4?
2
What is the remainder when 215 is divided by (-1092)/(-34) - (-2)/(-153)*9?
23
What is the remainder when -1 + 481 + (29 - 24) is divided by 61?
58
Let t(a) = -113*a - 2383. Calculate the remainder when t(-24) is divided by 150.
29
Suppose -4*r + 3*r - r = 0. Suppose 2*w - 5*w - 4*z + 68 = r, -4*w + 5*z + 39 = 0. Suppose x = -11 + w. Calculate the remainder when x is divided by 3.
2
Let c = -8 + 17. Let t = -67289 - -67302. What is the remainder when t is divided by c?
4
Suppose 0 = -3*d + 21 - 9. Calculate the remainder when 9/(14/(-6) - 720/(-270)) is divided by d.
3
Let z(b) = 451*b + 10. Let r be z(-4). What is the remainder when -1 + r/(-15) + (-10)/(-25) is divided by (-539)/(-35) - 2/5?
14
Let c be 0/(-8) + (-1 - 3) + -69. Let l = -74 - c. What is the remainder when 67 is divided by (1 + l/(6/(-45)))*2?
16
Suppose 2*a = c - 19, -3*c + 4*a - 30 = -5*c. Suppose f = 5*f - u - c, -f = -4*u - 8. Calculate the remainder when 96 - f/((-12)/(-3)) is divided by 24.
23
Let r be -2 - 28 - (-9 - -12). Let p = r + 32. Calculate the remainder when (16 + -74)/(0 - p/(-2)) is divided by 17.
14
Suppose 3*h + 2*y - 44 = 0, 40 = 3*h + 9*y - 11*y. What is the remainder when 41 is divided by 1530/238 + 8/h?
6
Let r(l) = 36*l - 67. Let s be r(22). Suppose -4*o = 4*d - 580, 6*o - o - 5*d = s. What is the remainder when o is divided by 37?
34
Let o(n) = 3*n - 20. Let b be o(6). What is the remainder when 88 is divided by b/(-3)*(-483)/(-7)?
42
Let l(o) = o + 15. Let r be l(-19). Let p = 72 + r. Calculate the remainder when p is divided by 55/3 - 4/12.
14
Suppose 796*y = 838*y - 126. What is the remainder when 1012 is divided by y?
1
Suppose -6*y + 7*y = -4*x + 701, -4*y + 4*x = -2884. Calculate the remainder when y is divided by 201.
114
Suppose -t = 5*o + 56, 5*t - 5*o = -7*o - 211. Let f(h) = -h**2 - 47*h - 115. What is the remainder when f(t) is divided by 36?
23
Let n = 9334 - 7772. What is the remainder when n is divided by 10?
2
Let z(s) = 102*s - 1. Let d(a) = -5*a**2 + 288*a + 444. Calculate the remainder when z(2) is divided by d(59).
17
Suppose 1753*i = 1759*i - 708. Let b(o) = 19*o + 1. Calculate the remainder when i is divided by b(1).
18
Suppose -3 - 16 = -4*y - u, -2*u - 6 = -3*y. Suppose 4*l - 76 = -y*h, 4*l + 27 = 4*h + 111. What is the remainder when (-2)/9*3 - (-146)/3 is divided by l?
8
What is the remainder when 237 is divided by 6/7*(144 - 102)?
21
Let i = 1269 - 1122. Calculate the remainder when i is divided by -5*(-2 + 4)/(-2).
2
Suppose 0 = -2*w, -w - 9 = 3*c - 27. Suppose 3*j + h + 73 = 0, 4*j + 3*h - c*h + 80 = 0. Let x = j + 54. Calculate the remainder when x is divided by 4.
3
Suppose -5*h + 2*l = 1175, 0 = -5*l + 4*l. Let d be h + 3/((-9)/15). Let a = d + 411. What is the remainder when a is divided by 29?
26
Let y(f) = 2*f**2 - 6*f - 7. Let t = -49 - 7. Let a = -33 - t. What is the remainder when a is divided by y(5)?
10
Let u(g) = g**2 + 179*g - 1816. What is the remainder when 238 is divided by u(10)?
16
Let z = 13 - 3. Let l be ((-14 - 3) + 6)*-1. Suppose -15*g + l*g + 72 = 0. What is the remainder when g is divided by z?
8
Suppose 465*k - 5*x - 31 = 462*k, -x = 2*k - 12. Calculate the remainder when 5732 is divided by k.
6
Let u = -25 - -164. Let m be ((-520)/(-24))/(3/(-9)). Let w = u + m. What is the remainder when w is divided by 21?
11
Suppose -a - 2*a - 33 = 0. Let w(j) = 82*j - 562. Let m be w(7). Calculate the remainder when (m/10)/(a/(-1210)) is divided by 15.
12
What is the remainder when ((-2704)/(-240) - (-8)/(-12))/((-2)/(-40)) is divided by 129?
83
Let s(j) = j**2 + 35*j + 114. Suppose -23*u - 432 = -11*u. Calculate the remainder when s(u) is divided by 19.
17
Suppose -1206 = 52*i - 4794. Let a(x) = 5*x**2 + 1. Calculate the remainder when i is divided by a(1).
3
Suppose 5*a - 8*j + 7*j = 321, -j = -4*a + 257. What is the remainder when 272 is divided by a?
16
Calculate the remainder when (-3)/((-30)/4195) + 1*4/(-8) is divided by 80.
19
Let z(d) = -d + 9. Let f be z(6). Let n be -4 - (-17 + f) - -3. Suppose -m + 50 = n. What is the remainder when m is divided by 20?
17
Suppose 5*a - 2*k = 463, -a + 7*k - 6*k + 95 = 0. What is the remainder when a is divided by 19?
15
Let q(z) = -19*z**2 - z + 2. Let w be q(1). Let d(f) = 46*f**2. Calculate the remainder when (-9)/w*(-2 + 180) is divided by d(1).
43
Let f(g) = g**2 + 3*g - 48. Let u be f(0). Calculate the remainder when 34 is divided by (-63)/9*u/28.
10
Let y(g) = 3*g**2 - 3*g + 3. Let x be y(2). Let w = 231 - 222. Calculate the remainder when (15/x)/(-5) - 374/(-6) is divided by w.
8
Suppose 206 = 4*i - 4*v - 238, 0 = -2*v + 2. What is the remainder when 217 is divided by i?
105
Suppose -2*r - 32*r + 102 = 0. Suppose -3*l = -r*b + 360, 4*l - l + 604 = 5*b. What is the remainder when b is divided by 39?
5
Let n(h) = 2*h - 18. Let a be n(-12). Let g = 38 + a.